{"id":24,"date":"2014-03-21T10:42:17","date_gmt":"2014-03-21T08:42:17","guid":{"rendered":"http:\/\/www.koenigl-edv.de\/httpdocs\/?page_id=24"},"modified":"2018-05-17T20:17:10","modified_gmt":"2018-05-17T18:17:10","slug":"service","status":"publish","type":"page","link":"https:\/\/www.koenigl-edv.de\/?page_id=24","title":{"rendered":"Service"},"content":{"rendered":"<p><img loading=\"lazy\" decoding=\"async\" class=\"alignnone size-large wp-image-210\" src=\"https:\/\/www.koenigl-edv.de\/wp-content\/uploads\/2014\/03\/service1-1024x309.jpg\" alt=\"service1\" width=\"650\" height=\"196\" srcset=\"https:\/\/www.koenigl-edv.de\/wp-content\/uploads\/2014\/03\/service1-1024x309.jpg 1024w, https:\/\/www.koenigl-edv.de\/wp-content\/uploads\/2014\/03\/service1-300x90.jpg 300w, https:\/\/www.koenigl-edv.de\/wp-content\/uploads\/2014\/03\/service1.jpg 1600w\" sizes=\"(max-width: 650px) 100vw, 650px\" \/><\/p>\n<p>Als Ihr pers\u00f6nlicher Ansprechpartner unterst\u00fctzen wir Sie gerne bei der Planung und Realisierung Ihrer zuk\u00fcnftigen IT-Projekte.<\/p>\n<p><strong>Planung neuer Projekte:<\/strong><\/p>\n<ul>\n<li>Computertechnik (Client\/Server), Hard- und Software<\/li>\n<li>Netzwerktechnik (Router, Firewall, VPN-\/Application-Gateway, (PoE-\/Managed-) Switche, WLAN, Powerline)<\/li>\n<li>Mobile L\u00f6sungen<\/li>\n<li>NAS Systeme<\/li>\n<li>Resourcenschonende Virtualisierung (Windows\/Linux basierend)<\/li>\n<li>Backup-L\u00f6sungen (Datensicherungssysteme)<\/li>\n<li>USV-L\u00f6sungen (Schutz vor Spannungsausfall\/\u00dcberspannung)<\/li>\n<li>Telefonanlagen\/Kommunikationstechnik (zertifizierter Auerswald Partner)<\/li>\n<li>Server-\/Netzwerkschr\u00e4nke und Zubeh\u00f6r<\/li>\n<li>Service, Wartung und Betreuung Ihrer IT-Umgebung (Monitoring)<\/li>\n<\/ul>\n<p><strong>Betreuung vorhandener IT-Umgebungen:<\/strong><\/p>\n<ul>\n<li>Gerne \u00fcbernehmen wir auch die Betreuung und Pflege bereits vorhandener EDV- und Telekommunikationsanlagen, sofern Sie keine feste Betreuung haben<\/li>\n<li>Wartungsvertr\u00e4ge<\/li>\n<\/ul>\n<p><strong>Analyse und Optimierung Ihrer bestehenden Infrastruktur vor Ort<\/strong><\/p>\n<p>&nbsp;<\/p>\n","protected":false},"excerpt":{"rendered":"<p>Als Ihr pers\u00f6nlicher Ansprechpartner unterst\u00fctzen wir Sie gerne bei der Planung und Realisierung Ihrer zuk\u00fcnftigen IT-Projekte. Planung neuer Projekte: Computertechnik (Client\/Server), Hard- und Software Netzwerktechnik (Router, Firewall, VPN-\/Application-Gateway, (PoE-\/Managed-) Switche, WLAN, Powerline) Mobile L\u00f6sungen NAS Systeme Resourcenschonende Virtualisierung (Windows\/Linux basierend) Backup-L\u00f6sungen (Datensicherungssysteme) USV-L\u00f6sungen (Schutz vor Spannungsausfall\/\u00dcberspannung) Telefonanlagen\/Kommunikationstechnik (zertifizierter Auerswald Partner)<\/p>\n","protected":false},"author":1,"featured_media":0,"parent":0,"menu_order":0,"comment_status":"closed","ping_status":"closed","template":"template-fullwidth.php","meta":{"footnotes":""},"_links":{"self":[{"href":"https:\/\/www.koenigl-edv.de\/index.php?rest_route=\/wp\/v2\/pages\/24"}],"collection":[{"href":"https:\/\/www.koenigl-edv.de\/index.php?rest_route=\/wp\/v2\/pages"}],"about":[{"href":"https:\/\/www.koenigl-edv.de\/index.php?rest_route=\/wp\/v2\/types\/page"}],"author":[{"embeddable":true,"href":"https:\/\/www.koenigl-edv.de\/index.php?rest_route=\/wp\/v2\/users\/1"}],"replies":[{"embeddable":true,"href":"https:\/\/www.koenigl-edv.de\/index.php?rest_route=%2Fwp%2Fv2%2Fcomments&post=24"}],"version-history":[{"count":19,"href":"https:\/\/www.koenigl-edv.de\/index.php?rest_route=\/wp\/v2\/pages\/24\/revisions"}],"predecessor-version":[{"id":340,"href":"https:\/\/www.koenigl-edv.de\/index.php?rest_route=\/wp\/v2\/pages\/24\/revisions\/340"}],"wp:attachment":[{"href":"https:\/\/www.koenigl-edv.de\/index.php?rest_route=%2Fwp%2Fv2%2Fmedia&parent=24"}],"curies":[{"name":"wp","href":"https:\/\/api.w.org\/{rel}","templated":true}]}}